{"id":170,"date":"2024-03-22T10:52:57","date_gmt":"2024-03-22T09:52:57","guid":{"rendered":"https:\/\/hivet-mangin.fr\/?page_id=170"},"modified":"2024-11-26T12:47:39","modified_gmt":"2024-11-26T11:47:39","slug":"contact","status":"publish","type":"page","link":"https:\/\/hivet-mangin.fr\/index.php\/contact\/","title":{"rendered":"Contact"},"content":{"rendered":"<section class=\"bde-section-170-120 bde-section\">\n              \n  \n\t\n\n  <div class=\"section-background-overlay\"><\/div>\n\n\n<div class=\"section-container\"><div class=\"bde-columns-170-121 bde-columns\"><div class=\"bde-column-170-122 bde-column\">\n  \n\t\n\n\n\n<div class=\"bde-div-170-123 bde-div\">\n  \n\t\n\n\n\n<h1 class=\"bde-heading-170-124 bde-heading\">\nDialogue artistique\n<\/h1>\n<\/div>\n<\/div><\/div><\/div>\n<\/section><section class=\"bde-section-170-100 bde-section\">\n  \n\t\n\n\n\n<div class=\"section-container\"><div class=\"bde-div-170-102 bde-div\">\n  \n\t\n\n\n\n<div class=\"bde-div-170-103 bde-div\">\n  \n\t\n\n\n\n<h3 class=\"bde-heading-170-104 bde-heading\">\nContact\n<\/h3><div class=\"bde-div-170-105 bde-div\">\n  \n\t\n\n\n\n<div class=\"bde-text-170-106 bde-text\">\nmail : contact@hivet-mangin.fr\n<\/div><div class=\"bde-text-170-107 bde-text\">\nt\u00e9l : 06.63.66.05.77\n<\/div>\n<\/div>\n<\/div><div class=\"bde-div-170-108 bde-div\">\n  \n\t\n\n\n\n<h3 class=\"bde-heading-170-109 bde-heading\">\nAtelier\n<\/h3><div class=\"bde-text-170-110 bde-text\">\n20 rue Cl\u00e9menceau<br>57000 Metz\n<\/div>\n<\/div><div class=\"bde-div-170-111 bde-div\">\n  \n\t\n\n\n\n<h3 class=\"bde-heading-170-112 bde-heading\">\nHoraires\n<\/h3><div class=\"bde-text-170-113 bde-text\">\nLun - Ven : 9h00 \u00e0 18h00<br>Sam sur rendez-vous\n<\/div>\n<\/div>\n<\/div><div class=\"bde-columns-170-114 bde-columns\"><div class=\"bde-column-170-115 bde-column\">\n  \n\t\n\n\n\n<div class=\"bde-google-map-170-116 bde-google-map\">\n\r\n<iframe width=\"100%\" height=\"100%\" style=\"border:0\" loading=\"lazy\" title=\"Map\" src=\"https:\/\/maps.google.com\/maps?q=20+rue+Cl%C3%A9menceau+57000+METZ&t=m&z=11&output=embed&iwloc=near\" allowfullscreen><\/iframe>\n\n<\/div>\n<\/div><div class=\"bde-column-170-117 bde-column\">\n  \n\t\n\n\n\n<h3 class=\"bde-heading-170-118 bde-heading\">\nFormulaire de contact\n<\/h3><div class=\"bde-form-builder-170-119 bde-form-builder\">\n\n\n<form id=\"formulaire-de-contact119\" class=\"breakdance-form breakdance-form--vertical \" data-options=\"{&quot;slug&quot;:&quot;custom&quot;,&quot;name&quot;:&quot;Formulaire de contact&quot;,&quot;ajaxUrl&quot;:&quot;https:\\\/\\\/hivet-mangin.fr\\\/wp-admin\\\/admin-ajax.php&quot;,&quot;clearOnSuccess&quot;:true,&quot;hideOnSuccess&quot;:false,&quot;successMessage&quot;:&quot;Merci pour votre message !&quot;,&quot;errorMessage&quot;:&quot;Il y a une erreur&quot;,&quot;redirect&quot;:false,&quot;redirectUrl&quot;:&quot;&quot;,&quot;customJavaScript&quot;:&quot;&quot;,&quot;recaptcha&quot;:{&quot;key&quot;:&quot;&quot;,&quot;enabled&quot;:false},&quot;honeypot_enabled&quot;:false,&quot;popupsOnSuccess&quot;:[],&quot;popupsOnError&quot;:[]}\" data-steps=\"0\" >\n  \n  \n  \n<div class=\"breakdance-form-field breakdance-form-field--text\" >\n    \n    \n            <label class=\"breakdance-form-field__label\" for=\"name\">\n            Nom<span class=\"breakdance-form-field__required\">*<\/span>\n        <\/label>\n    \n    <input\n    class=\"breakdance-form-field__input\"\n    id=\"name\"\n    aria-describedby=\"name\"\n    type=\"text\"\n    name=\"fields[name]\"\n    placeholder=\"Nom \/ Pr\u00e9nom\"\n    value=\"\"\n                \n        \n        \n    required\n    \n    \n>\n\n\n    \n    \n<\/div>\n\n\n<div class=\"breakdance-form-field breakdance-form-field--email\" >\n    \n    \n            <label class=\"breakdance-form-field__label\" for=\"email\">\n            Email<span class=\"breakdance-form-field__required\">*<\/span>\n        <\/label>\n    \n    <input\n    class=\"breakdance-form-field__input\"\n    id=\"email\"\n    aria-describedby=\"email\"\n    type=\"email\"\n    name=\"fields[email]\"\n    placeholder=\"Email\"\n    value=\"\"\n                \n        \n        \n    required\n    \n    \n>\n\n\n    \n    \n<\/div>\n\n\n<div class=\"breakdance-form-field breakdance-form-field--tel\" >\n    \n    \n            <label class=\"breakdance-form-field__label\" for=\"t\u00e9l\u00e9phone\">\n            T\u00e9l\u00e9phone\n        <\/label>\n    \n    <input\n    class=\"breakdance-form-field__input\"\n    id=\"t\u00e9l\u00e9phone\"\n    aria-describedby=\"t\u00e9l\u00e9phone\"\n    type=\"tel\"\n    name=\"fields[t\u00e9l\u00e9phone]\"\n    placeholder=\"T\u00e9l\u00e9phone\"\n    value=\"\"\n                \n        \n        \n    \n    \n    \n>\n\n\n    \n    \n<\/div>\n\n\n<div class=\"breakdance-form-field breakdance-form-field--textarea\" >\n    \n    \n            <label class=\"breakdance-form-field__label\" for=\"message\">\n            Message<span class=\"breakdance-form-field__required\">*<\/span>\n        <\/label>\n    \n    <textarea\n    class=\"breakdance-form-field__input\"\n    id=\"message\"\n    aria-describedby=\"message\"\n    type=\"textarea\"\n    name=\"fields[message]\"\n        placeholder=\"Message\"\n    required\n    >\n<\/textarea>\n\n\n    \n    \n<\/div>\n\n\n  \n\n<div class=\"breakdance-form-field breakdance-form-footer\">\n    \n    \n                                    \n    \n    \n    \n    \n            \n            <button type=\"submit\" class=\"button-atom button-atom--primary breakdance-form-button breakdance-form-button__submit\"  >\n    \n        <span class=\"button-atom__text\">Envoyer<\/span>\n\n        \n        \n            <\/button>\n    \n    <input type=\"hidden\" name=\"form_id\" value=\"119\">\n    <input type=\"hidden\" name=\"post_id\" value=\"170\">\n<\/div>\n\n  \n<\/form>\n\n\n\n<\/div>\n<\/div><\/div><\/div>\n<\/section>","protected":false},"excerpt":{"rendered":"<p>Dialogue artistique Contact mail : contact@hivet-mangin.fr t\u00e9l : 06.63.66.05.77 Atelier 20 rue Cl\u00e9menceau57000 Metz Horaires Lun &#8211; Ven : 9h00 \u00e0 18h00Sam sur rendez-vous Formulaire de contact Nom* Email* T\u00e9l\u00e9phone Message* Envoyer<\/p>\n","protected":false},"author":1,"featured_media":0,"parent":0,"menu_order":0,"comment_status":"closed","ping_status":"closed","template":"","meta":{"_acf_changed":false,"_breakdance_hide_in_design_set":false,"_breakdance_tags":"","footnotes":""},"class_list":["post-170","page","type-page","status-publish","hentry"],"acf":[],"_links":{"self":[{"href":"https:\/\/hivet-mangin.fr\/index.php\/wp-json\/wp\/v2\/pages\/170","targetHints":{"allow":["GET"]}}],"collection":[{"href":"https:\/\/hivet-mangin.fr\/index.php\/wp-json\/wp\/v2\/pages"}],"about":[{"href":"https:\/\/hivet-mangin.fr\/index.php\/wp-json\/wp\/v2\/types\/page"}],"author":[{"embeddable":true,"href":"https:\/\/hivet-mangin.fr\/index.php\/wp-json\/wp\/v2\/users\/1"}],"replies":[{"embeddable":true,"href":"https:\/\/hivet-mangin.fr\/index.php\/wp-json\/wp\/v2\/comments?post=170"}],"version-history":[{"count":12,"href":"https:\/\/hivet-mangin.fr\/index.php\/wp-json\/wp\/v2\/pages\/170\/revisions"}],"predecessor-version":[{"id":343,"href":"https:\/\/hivet-mangin.fr\/index.php\/wp-json\/wp\/v2\/pages\/170\/revisions\/343"}],"wp:attachment":[{"href":"https:\/\/hivet-mangin.fr\/index.php\/wp-json\/wp\/v2\/media?parent=170"}],"curies":[{"name":"wp","href":"https:\/\/api.w.org\/{rel}","templated":true}]}}